{"id":17,"date":"2014-02-04T14:43:05","date_gmt":"2014-02-04T13:43:05","guid":{"rendered":"http:\/\/www.karate-budo-bergerac.fr\/?page_id=17"},"modified":"2026-02-02T11:54:21","modified_gmt":"2026-02-02T10:54:21","slug":"plan-dacces","status":"publish","type":"page","link":"https:\/\/www.karate-budo-bergerac.fr\/?page_id=17","title":{"rendered":"Plan d&rsquo;acc\u00e8s"},"content":{"rendered":"\n<figure class=\"wp-block-image size-large\"><a href=\"https:\/\/www.karate-budo-bergerac.fr\/wp-content\/uploads\/2026\/02\/Salle-Louis-Delluc.jpg\"><img loading=\"lazy\" decoding=\"async\" width=\"1024\" height=\"856\" src=\"https:\/\/www.karate-budo-bergerac.fr\/wp-content\/uploads\/2026\/02\/Salle-Louis-Delluc-1024x856.jpg\" alt=\"\" class=\"wp-image-452\" srcset=\"https:\/\/www.karate-budo-bergerac.fr\/wp-content\/uploads\/2026\/02\/Salle-Louis-Delluc-1024x856.jpg 1024w, https:\/\/www.karate-budo-bergerac.fr\/wp-content\/uploads\/2026\/02\/Salle-Louis-Delluc-300x251.jpg 300w, https:\/\/www.karate-budo-bergerac.fr\/wp-content\/uploads\/2026\/02\/Salle-Louis-Delluc-768x642.jpg 768w, https:\/\/www.karate-budo-bergerac.fr\/wp-content\/uploads\/2026\/02\/Salle-Louis-Delluc.jpg 1458w\" sizes=\"auto, (max-width: 1024px) 100vw, 1024px\" \/><\/a><\/figure>\n\n\n<p><br \/><small><a style=\"color: #0000ff; text-align: left;\" href=\"https:\/\/maps.google.fr\/maps?f=q&amp;source=embed&amp;hl=fr&amp;geocode=&amp;q=44.844444,+0.509491&amp;aq=&amp;sll=44.843607,0.500994&amp;sspn=0.009265,0.013797&amp;t=h&amp;ie=UTF8&amp;ll=44.843607,0.500994&amp;spn=0.009265,0.013797&amp;z=14\">Agrandir le plan<\/a><\/small><\/p>\n<p>Les entra\u00eenements du club se d\u00e9roule au Gymnase Louis Delluc \u00e0 c\u00f4t\u00e9 du centre \u00e9v\u00e8nementiel l&rsquo;\u00c9tincelle.<\/p><div style=\"padding-bottom:20px; padding-top:10px;\" class=\"hupso-share-buttons\"><!-- Hupso Share Buttons - https:\/\/www.hupso.com\/share\/ --><a class=\"hupso_toolbar\" href=\"https:\/\/www.hupso.com\/share\/\"><img decoding=\"async\" src=\"https:\/\/static.hupso.com\/share\/buttons\/lang\/fr\/share.png\" style=\"border:0px; padding-top: 5px; float:left;\" alt=\"Share Button\"\/><\/a><script type=\"text\/javascript\">var hupso_services_t=new Array();var hupso_background_t=\"#EAF4FF\";var hupso_border_t=\"#66CCFF\";var hupso_toolbar_size_t=\"big\";var hupso_image_folder_url = \"\";var hupso_url_t=\"\";var hupso_title_t=\"Plan%20d%27acc%C3%A8s\";<\/script><script type=\"text\/javascript\" src=\"https:\/\/static.hupso.com\/share\/js\/share_toolbar.js\"><\/script><!-- Hupso Share Buttons --><\/div>","protected":false},"excerpt":{"rendered":"<p>Agrandir le plan Les entra\u00eenements du club se d\u00e9roule au Gymnase Louis Delluc \u00e0 c\u00f4t\u00e9 du centre \u00e9v\u00e8nementiel l&rsquo;\u00c9tincelle.<\/p>\n<div style=\"padding-bottom:20px; padding-top:10px;\" class=\"hupso-share-buttons\"><!-- Hupso Share Buttons - https:\/\/www.hupso.com\/share\/ --><a class=\"hupso_toolbar\" href=\"https:\/\/www.hupso.com\/share\/\"><img src=\"https:\/\/static.hupso.com\/share\/buttons\/lang\/fr\/share.png\" style=\"border:0px; padding-top: 5px; float:left;\" alt=\"Share Button\"\/><\/a><script type=\"text\/javascript\">var hupso_services_t=new Array();var hupso_background_t=\"#EAF4FF\";var hupso_border_t=\"#66CCFF\";var hupso_toolbar_size_t=\"big\";var hupso_image_folder_url = \"\";var hupso_url_t=\"\";var hupso_title_t=\"Plan%20d%27acc%C3%A8s\";<\/script><script type=\"text\/javascript\" src=\"https:\/\/static.hupso.com\/share\/js\/share_toolbar.js\"><\/script><!-- Hupso Share Buttons --><\/div>","protected":false},"author":1,"featured_media":0,"parent":0,"menu_order":0,"comment_status":"closed","ping_status":"open","template":"","meta":{"footnotes":""},"class_list":["post-17","page","type-page","status-publish","hentry"],"_links":{"self":[{"href":"https:\/\/www.karate-budo-bergerac.fr\/index.php?rest_route=\/wp\/v2\/pages\/17","targetHints":{"allow":["GET"]}}],"collection":[{"href":"https:\/\/www.karate-budo-bergerac.fr\/index.php?rest_route=\/wp\/v2\/pages"}],"about":[{"href":"https:\/\/www.karate-budo-bergerac.fr\/index.php?rest_route=\/wp\/v2\/types\/page"}],"author":[{"embeddable":true,"href":"https:\/\/www.karate-budo-bergerac.fr\/index.php?rest_route=\/wp\/v2\/users\/1"}],"replies":[{"embeddable":true,"href":"https:\/\/www.karate-budo-bergerac.fr\/index.php?rest_route=%2Fwp%2Fv2%2Fcomments&post=17"}],"version-history":[{"count":22,"href":"https:\/\/www.karate-budo-bergerac.fr\/index.php?rest_route=\/wp\/v2\/pages\/17\/revisions"}],"predecessor-version":[{"id":453,"href":"https:\/\/www.karate-budo-bergerac.fr\/index.php?rest_route=\/wp\/v2\/pages\/17\/revisions\/453"}],"wp:attachment":[{"href":"https:\/\/www.karate-budo-bergerac.fr\/index.php?rest_route=%2Fwp%2Fv2%2Fmedia&parent=17"}],"curies":[{"name":"wp","href":"https:\/\/api.w.org\/{rel}","templated":true}]}}

Plan d&rsquo;accès

<figure class="wp-block-image size-large"><a href="https://www.karate-budo-bergerac.fr/wp-content/uploads/2026/02/Salle-Louis-Delluc.jpg"><img loading="lazy" decoding="async" width="1024" height="856" src="https://www.karate-budo-bergerac.fr/wp-content/uploads/2026/02/Salle-Louis-Delluc-1024x856.jpg" alt="" class="wp-image-452" srcset="https://www.karate-budo-bergerac.fr/wp-content/uploads/2026/02/Salle-Louis-Delluc-1024x856.jpg 1024w, https://www.karate-budo-bergerac.fr/wp-content/uploads/2026/02/Salle-Louis-Delluc-300x251.jpg 300w, https://www.karate-budo-bergerac.fr/wp-content/uploads/2026/02/Salle-Louis-Delluc-768x642.jpg 768w, https://www.karate-budo-bergerac.fr/wp-content/uploads/2026/02/Salle-Louis-Delluc.jpg 1458w" sizes="auto, (max-width: 1024px) 100vw, 1024px" /></a></figure>


<p><br /><small><a style="color: #0000ff; text-align: left;" href="https://maps.google.fr/maps?f=q&amp;source=embed&amp;hl=fr&amp;geocode=&amp;q=44.844444,+0.509491&amp;aq=&amp;sll=44.843607,0.500994&amp;sspn=0.009265,0.013797&amp;t=h&amp;ie=UTF8&amp;ll=44.843607,0.500994&amp;spn=0.009265,0.013797&amp;z=14">Agrandir le plan</a></small></p>
<p>Les entraînements du club se déroule au Gymnase Louis Delluc à côté du centre évènementiel l&rsquo;Étincelle.</p><div style="padding-bottom:20px; padding-top:10px;" class="hupso-share-buttons"><!-- Hupso Share Buttons - https://www.hupso.com/share/ --><a class="hupso_toolbar" href="https://www.hupso.com/share/"><img decoding="async" src="https://static.hupso.com/share/buttons/lang/fr/share.png" style="border:0px; padding-top: 5px; float:left;" alt="Share Button"/></a><script type="text/javascript">var hupso_services_t=new Array();var hupso_background_t="#EAF4FF";var hupso_border_t="#66CCFF";var hupso_toolbar_size_t="big";var hupso_image_folder_url = "";var hupso_url_t="";var hupso_title_t="Plan%20d%27acc%C3%A8s";</script><script type="text/javascript" src="https://static.hupso.com/share/js/share_toolbar.js"></script><!-- Hupso Share Buttons --></div>

<p>Agrandir le plan Les entraînements du club se déroule au Gymnase Louis Delluc à côté du centre évènementiel l&rsquo;Étincelle.</p>
<div style="padding-bottom:20px; padding-top:10px;" class="hupso-share-buttons"><!-- Hupso Share Buttons - https://www.hupso.com/share/ --><a class="hupso_toolbar" href="https://www.hupso.com/share/"><img src="https://static.hupso.com/share/buttons/lang/fr/share.png" style="border:0px; padding-top: 5px; float:left;" alt="Share Button"/></a><script type="text/javascript">var hupso_services_t=new Array();var hupso_background_t="#EAF4FF";var hupso_border_t="#66CCFF";var hupso_toolbar_size_t="big";var hupso_image_folder_url = "";var hupso_url_t="";var hupso_title_t="Plan%20d%27acc%C3%A8s";</script><script type="text/javascript" src="https://static.hupso.com/share/js/share_toolbar.js"></script><!-- Hupso Share Buttons --></div>
