{"id":170,"date":"2014-02-06T09:39:36","date_gmt":"2014-02-06T08:39:36","guid":{"rendered":"http:\/\/www.karate-budo-bergerac.fr\/?page_id=170"},"modified":"2026-02-02T11:28:35","modified_gmt":"2026-02-02T10:28:35","slug":"plan-du-site","status":"publish","type":"page","link":"https:\/\/www.karate-budo-bergerac.fr\/?page_id=170","title":{"rendered":"Plan du site"},"content":{"rendered":"<h5><strong>Menu primaire<\/strong><\/h5>\n<p><a href=\"http:\/\/www.karate-budo-bergerac.fr\/\"> Accueil <\/a><br \/>\n<a href=\"http:\/\/www.karate-budo-bergerac.fr\/?page_id=7\"> Pr\u00e9sentation <\/a><br \/>\n<a href=\"http:\/\/www.karate-budo-bergerac.fr\/?page_id=11\"> Horaires <\/a><br \/>\n<a href=\"http:\/\/www.karate-budo-bergerac.fr\/?page_id=13\"> Les prix <\/a><br \/>\n<a href=\"http:\/\/www.karate-budo-bergerac.fr\/?page_id=9\"> S&rsquo;inscrire <\/a><br \/>\n<a href=\"http:\/\/www.karate-budo-bergerac.fr\/?page_id=17\"> Plan d&rsquo;acc\u00e8s <\/a><br \/>\n<a href=\"http:\/\/www.karate-budo-bergerac.fr\/?page_id=23\"> Vid\u00e9o du club <\/a><br \/>\n<a href=\"http:\/\/www.karate-budo-bergerac.fr\/?page_id=112\"> Contact<\/a><\/p>\n<h5><strong>Menu secondaire<\/strong><\/h5>\n<p><a href=\"http:\/\/www.karate-budo-bergerac.fr\/?page_id=59\"> Histoire du Karat\u00e9<\/a><br \/>\n<a href=\"http:\/\/www.karate-budo-bergerac.fr\/?page_id=170\"> Plan du site <\/a><br \/>\n<a href=\"http:\/\/www.karate-budo-bergerac.fr\/?page_id=147\"> Calendrier \/ Ev\u00e8nements <\/a><\/p>\n<div style=\"padding-bottom:20px; padding-top:10px;\" class=\"hupso-share-buttons\"><!-- Hupso Share Buttons - https:\/\/www.hupso.com\/share\/ --><a class=\"hupso_toolbar\" href=\"https:\/\/www.hupso.com\/share\/\"><img decoding=\"async\" src=\"https:\/\/static.hupso.com\/share\/buttons\/lang\/fr\/share.png\" style=\"border:0px; padding-top: 5px; float:left;\" alt=\"Share Button\"\/><\/a><script type=\"text\/javascript\">var hupso_services_t=new Array();var hupso_background_t=\"#EAF4FF\";var hupso_border_t=\"#66CCFF\";var hupso_toolbar_size_t=\"big\";var hupso_image_folder_url = \"\";var hupso_url_t=\"\";var hupso_title_t=\"Plan%20du%20site\";<\/script><script type=\"text\/javascript\" src=\"https:\/\/static.hupso.com\/share\/js\/share_toolbar.js\"><\/script><!-- Hupso Share Buttons --><\/div>","protected":false},"excerpt":{"rendered":"<p>Menu primaire Accueil Pr\u00e9sentation Horaires Les prix S&rsquo;inscrire Plan d&rsquo;acc\u00e8s Vid\u00e9o du club Contact Menu secondaire Histoire du Karat\u00e9 Plan du site Calendrier \/ Ev\u00e8nements<\/p>\n<div style=\"padding-bottom:20px; padding-top:10px;\" class=\"hupso-share-buttons\"><!-- Hupso Share Buttons - https:\/\/www.hupso.com\/share\/ --><a class=\"hupso_toolbar\" href=\"https:\/\/www.hupso.com\/share\/\"><img src=\"https:\/\/static.hupso.com\/share\/buttons\/lang\/fr\/share.png\" style=\"border:0px; padding-top: 5px; float:left;\" alt=\"Share Button\"\/><\/a><script type=\"text\/javascript\">var hupso_services_t=new Array();var hupso_background_t=\"#EAF4FF\";var hupso_border_t=\"#66CCFF\";var hupso_toolbar_size_t=\"big\";var hupso_image_folder_url = \"\";var hupso_url_t=\"\";var hupso_title_t=\"Plan%20du%20site\";<\/script><script type=\"text\/javascript\" src=\"https:\/\/static.hupso.com\/share\/js\/share_toolbar.js\"><\/script><!-- Hupso Share Buttons --><\/div>","protected":false},"author":1,"featured_media":0,"parent":0,"menu_order":0,"comment_status":"closed","ping_status":"open","template":"","meta":{"footnotes":""},"class_list":["post-170","page","type-page","status-publish","hentry"],"_links":{"self":[{"href":"https:\/\/www.karate-budo-bergerac.fr\/index.php?rest_route=\/wp\/v2\/pages\/170","targetHints":{"allow":["GET"]}}],"collection":[{"href":"https:\/\/www.karate-budo-bergerac.fr\/index.php?rest_route=\/wp\/v2\/pages"}],"about":[{"href":"https:\/\/www.karate-budo-bergerac.fr\/index.php?rest_route=\/wp\/v2\/types\/page"}],"author":[{"embeddable":true,"href":"https:\/\/www.karate-budo-bergerac.fr\/index.php?rest_route=\/wp\/v2\/users\/1"}],"replies":[{"embeddable":true,"href":"https:\/\/www.karate-budo-bergerac.fr\/index.php?rest_route=%2Fwp%2Fv2%2Fcomments&post=170"}],"version-history":[{"count":18,"href":"https:\/\/www.karate-budo-bergerac.fr\/index.php?rest_route=\/wp\/v2\/pages\/170\/revisions"}],"predecessor-version":[{"id":450,"href":"https:\/\/www.karate-budo-bergerac.fr\/index.php?rest_route=\/wp\/v2\/pages\/170\/revisions\/450"}],"wp:attachment":[{"href":"https:\/\/www.karate-budo-bergerac.fr\/index.php?rest_route=%2Fwp%2Fv2%2Fmedia&parent=170"}],"curies":[{"name":"wp","href":"https:\/\/api.w.org\/{rel}","templated":true}]}}

<h5><strong>Menu primaire</strong></h5>
<p><a href="http://www.karate-budo-bergerac.fr/"> Accueil </a><br />
<a href="http://www.karate-budo-bergerac.fr/?page_id=7"> Présentation </a><br />
<a href="http://www.karate-budo-bergerac.fr/?page_id=11"> Horaires </a><br />
<a href="http://www.karate-budo-bergerac.fr/?page_id=13"> Les prix </a><br />
<a href="http://www.karate-budo-bergerac.fr/?page_id=9"> S&rsquo;inscrire </a><br />
<a href="http://www.karate-budo-bergerac.fr/?page_id=17"> Plan d&rsquo;accès </a><br />
<a href="http://www.karate-budo-bergerac.fr/?page_id=23"> Vidéo du club </a><br />
<a href="http://www.karate-budo-bergerac.fr/?page_id=112"> Contact</a></p>
<h5><strong>Menu secondaire</strong></h5>
<p><a href="http://www.karate-budo-bergerac.fr/?page_id=59"> Histoire du Karaté</a><br />
<a href="http://www.karate-budo-bergerac.fr/?page_id=170"> Plan du site </a><br />
<a href="http://www.karate-budo-bergerac.fr/?page_id=147"> Calendrier / Evènements </a></p>
<div style="padding-bottom:20px; padding-top:10px;" class="hupso-share-buttons"><!-- Hupso Share Buttons - https://www.hupso.com/share/ --><a class="hupso_toolbar" href="https://www.hupso.com/share/"><img decoding="async" src="https://static.hupso.com/share/buttons/lang/fr/share.png" style="border:0px; padding-top: 5px; float:left;" alt="Share Button"/></a><script type="text/javascript">var hupso_services_t=new Array();var hupso_background_t="#EAF4FF";var hupso_border_t="#66CCFF";var hupso_toolbar_size_t="big";var hupso_image_folder_url = "";var hupso_url_t="";var hupso_title_t="Plan%20du%20site";</script><script type="text/javascript" src="https://static.hupso.com/share/js/share_toolbar.js"></script><!-- Hupso Share Buttons --></div>

<p>Menu primaire Accueil Présentation Horaires Les prix S&rsquo;inscrire Plan d&rsquo;accès Vidéo du club Contact Menu secondaire Histoire du Karaté Plan du site Calendrier / Evènements</p>
<div style="padding-bottom:20px; padding-top:10px;" class="hupso-share-buttons"><!-- Hupso Share Buttons - https://www.hupso.com/share/ --><a class="hupso_toolbar" href="https://www.hupso.com/share/"><img src="https://static.hupso.com/share/buttons/lang/fr/share.png" style="border:0px; padding-top: 5px; float:left;" alt="Share Button"/></a><script type="text/javascript">var hupso_services_t=new Array();var hupso_background_t="#EAF4FF";var hupso_border_t="#66CCFF";var hupso_toolbar_size_t="big";var hupso_image_folder_url = "";var hupso_url_t="";var hupso_title_t="Plan%20du%20site";</script><script type="text/javascript" src="https://static.hupso.com/share/js/share_toolbar.js"></script><!-- Hupso Share Buttons --></div>
