{"id":59,"date":"2014-02-04T15:24:00","date_gmt":"2014-02-04T14:24:00","guid":{"rendered":"http:\/\/www.karate-budo-bergerac.fr\/?page_id=59"},"modified":"2014-02-06T16:27:22","modified_gmt":"2014-02-06T15:27:22","slug":"histoire-du-karate-2","status":"publish","type":"page","link":"https:\/\/www.karate-budo-bergerac.fr\/?page_id=59","title":{"rendered":"Histoire du Karat\u00e9"},"content":{"rendered":"<p>Le karat\u00e9 peut \u00eatre d\u00e9crit aussi bien comme un art martial ou comme une m\u00e9thode de combat, utilisant un grande diversit\u00e9 de techniques: blocages, attaques, esquives, projections et cl\u00e9s.<\/p>\n<p>Le karat\u00e9 est un des plus dynamiques de tous les arts martiaux. Un karat\u00e9ka bien entra\u00een\u00e9 est capable de coordonner parfaitement son corps et son esprit, ce qui lui permet de contr\u00f4ler sa puissance physique \u00e0 son gr\u00e9. Cependant la force physique ne fait pas obligatoirement un bon karat\u00e9ka.<\/p>\n<p>Au contraire, c&rsquo;est plut\u00f4t sa capacit\u00e9 \u00e0 ma\u00eetriser et coordonner son corps et son esprit qui assure un bon niveau. Les b\u00e9n\u00e9fices du karat\u00e9 sont nombreux dans la vie d&rsquo;un homme moderne. Au quotidien, nous avons tendance \u00e0 oublier l&rsquo;utilit\u00e9 de l&rsquo;exercice physique et mental. La pratique du karat\u00e9 fortifie le corps, d\u00e9veloppe la coordination, acc\u00e9l\u00e8re les r\u00e9flexes et augmente la vigueur. Le karat\u00e9 est une activit\u00e9 pour laquelle l&rsquo;\u00e2ge n&rsquo;est pas un obstacle.<br \/>\nLa pratique du karat\u00e9 est divis\u00e9 en trois aspects: le kihon (les \u00e9l\u00e9ments essentiels), le kata (la forme) et le kumite (entra\u00eenement\/combat \u00e0 deux).<\/p>\n<p>Le mot \u00ab\u00a0Karat\u00e9\u00a0\u00bb est une association de deux repr\u00e9sentations japonaises : \u00ab\u00a0KARA\u00a0\u00bb signifiant \u00ab\u00a0vide\u00a0\u00bb et \u00ab\u00a0TE\u00a0\u00bb signifiant \u00ab\u00a0main\u00a0\u00bb : karat\u00e9 veut donc dire \u00ab\u00a0la main vide\u00a0\u00bb.<\/p>\n<p><a href=\"http:\/\/www.karate-budo-bergerac.fr\/wp-content\/uploads\/2014\/02\/kara.jpg\"><img loading=\"lazy\" decoding=\"async\" class=\"alignnone size-full wp-image-92\" title=\"kara\" alt=\"kara\" src=\"http:\/\/www.karate-budo-bergerac.fr\/wp-content\/uploads\/2014\/02\/kara.jpg\" width=\"115\" height=\"116\" \/><\/a>\u00a0 \u00a0 \u00a0 \u00a0 \u00a0 \u00a0 \u00a0 \u00a0 \u00a0 \u00a0 \u00a0 \u00a0 \u00a0 \u00a0 \u00a0 \u00a0 \u00a0 \u00a0 \u00a0 \u00a0 \u00a0 \u00a0 \u00a0 \u00a0 \u00a0 \u00a0 \u00a0 \u00a0 \u00a0<a href=\"http:\/\/www.karate-budo-bergerac.fr\/wp-content\/uploads\/2014\/02\/te.jpg\"><img loading=\"lazy\" decoding=\"async\" class=\"alignnone size-full wp-image-94\" alt=\"te\" src=\"http:\/\/www.karate-budo-bergerac.fr\/wp-content\/uploads\/2014\/02\/te.jpg\" width=\"103\" height=\"115\" \/><\/a><\/p>\n<p><span style=\"line-height: 1.5;\">\u00a0 \u00a0 \u00a0 \u00a0 \u00a0 KARA \u00a0 \u00a0 \u00a0 \u00a0 \u00a0 \u00a0 \u00a0 \u00a0 \u00a0 \u00a0 \u00a0 \u00a0 \u00a0 \u00a0 \u00a0 \u00a0 \u00a0 \u00a0 \u00a0 \u00a0 \u00a0 \u00a0 \u00a0 \u00a0 \u00a0 \u00a0 \u00a0 \u00a0 \u00a0 \u00a0 \u00a0 \u00a0 \u00a0 \u00a0 \u00a0 \u00a0 \u00a0 \u00a0 \u00a0 \u00a0 \u00a0 \u00a0 TE<\/span><\/p>\n<p>En ajoutant le suffixe \u00ab\u00a0do\u00a0\u00bb (\u00ab\u00a0la voie\u00a0\u00bb), soit karat\u00e9-do, cela implique que le karat\u00e9 est un style de vie qui va bien au-del\u00e0 des seules applications de self-defense. Dans le karat\u00e9-do traditionnel tel que nous le pratiquons, nous devons toujours garder \u00e0 l&rsquo;esprit que le v\u00e9ritable adversaire, c&rsquo;est soi-m\u00eame.<\/p>\n<p>Le fondateur du karat\u00e9 Shotokan Gichin Funakoshi disait que l&rsquo;esprit et la technique ne font qu&rsquo;un dans le v\u00e9ritable karat\u00e9. Nous devons donc nous efforcer de faire de nos techniques physiques le reflet de notre esprit et d&rsquo;am\u00e9liorer notre esprit par la compr\u00e9hension de l&rsquo;essence des techniques physiques.<\/p>\n<p>En am\u00e9liorant notre entra\u00eenement , nous am\u00e9liorons notre esprit et notre mentalit\u00e9. Par exemple, \u00e9liminer les mouvements ind\u00e9cis et faibles dans notre karat\u00e9 peut nous aider \u00e0 \u00e9liminer les faiblesses et h\u00e9sitations de notre esprit et inversement.<\/p>\n<p>&nbsp;<\/p>\n<p><strong>Ma\u00eetre Gichin Funakoshi<\/strong><\/p>\n<p>Ma\u00eetre Gichin FUNAKOSHI est consid\u00e9r\u00e9 comme le fondateur du karat\u00e9 moderne.<\/p>\n<p>N\u00e9 \u00e0 Shuri dans la pr\u00e9fecture d&rsquo;Okinawa en 1868, il s&rsquo;initia tr\u00e8s t\u00f4t \u00e0 la pratique du karat\u00e9-do. En effet, de constitution naturelle fragile voire maladive, c&rsquo;est d\u00e8s l&rsquo;enfance que ses parents lui firent \u00e9tudier le karate pour surmonter ses handicaps. A l&rsquo;\u00e9cole primaire, sa sant\u00e9 s&rsquo;am\u00e9liore notablement et il d\u00e9cide de s&rsquo;investir dans l&rsquo;art pour atteindre une v\u00e9ritable ma\u00eetrise. Gichin Funakoshi, qui a alors quinze ans, est initi\u00e9 aux arts d&rsquo;Okinawa par son professeur d&rsquo;\u00e9cole qui n&rsquo;est autre que le fils du grand ma\u00eetre Asato. Plus tard, ma\u00eetre Asato l&rsquo;acceptera comme disciple et le formera selon l&rsquo;esprit traditionnel de la pratique. Gichin Funakoshi y apprendra l&rsquo;aust\u00e9rit\u00e9 de l&rsquo;enseignement, fait d&rsquo;interminables r\u00e9p\u00e9titions et le principe d&rsquo;apprentissage de \u00ab\u00a0un kata tous les trois ans\u00a0\u00bb est respect\u00e9. Mais sa grande richesse technique il la doit \u00e0 ma\u00eetre Itosu.<\/p>\n<p><span style=\"font-family: 'Comic Sans MS'; font-size: small;\">Il eut donc la chance d&rsquo;\u00eatre form\u00e9 par les deux principaux successeurs de Sokon Matsumura.<\/span><\/p>\n<p>A cette \u00e9poque, le gouvernement avait proscrit la pratique du Karate et les entra\u00eenements devaient avoir lieu en secret.<\/p>\n<p>Il \u00e9tait un homme cultiv\u00e9 et un po\u00e8te de renom. Il suivait de tr\u00e8s pr\u00e8s le code moral de ses anc\u00eatres et observait les interdictions d&rsquo;autrefois. Fid\u00e8le \u00e0 ses principes, il consid\u00e9rait que le Samourai devait avoir une apparence impeccable.<\/p>\n<p>Gichin Funakoshi apprenait parfois sous leur double tutelle les aspects spirituels et techniques du Karate.<\/p>\n<p>En 1902 il fit une d\u00e9monstration devant les responsables de la province de Kagoshima.<\/p>\n<p>En 1912, le Sh\u00f4bukai d&rsquo;Okinawa le choisit pour effectuer une d\u00e9monstration \u00e0 la marine Japonaise. Il fut remarqu\u00e9 par l&rsquo;amiral de la flotte imp\u00e9riale.<\/p>\n<p>G.Funakoshi alla au Japon pour la premi\u00e8re fois en 1917 pour faire une d\u00e9monstration au Butokuden de Kyoto. Il y retourne cinq ans plus tard pour une deuxi\u00e8me d\u00e9monstration devant le ministre de l&rsquo;Education Nationale Japonaise. Jigoro Kano le fondateur du Judo, l&rsquo;invite \u00e0 Tokyo pour pr\u00e9senter son art au Kodokan.<\/p>\n<p>Le succ\u00e8s fut imm\u00e9diat et les demandes de cours affluaient. Sensei d\u00e9cide de rester dans cette ville pour enseigner l&rsquo;Okinawa-te. Il ne retourna jamais \u00e0 Okinawa. A cette \u00e9poque, en 1921 le ma\u00eetre Choku Motobu, \u00e9galement ancien \u00e9l\u00e8ve de Itosu, enseignant d\u00e9j\u00e0 cet art au Japon.<\/p>\n<p>Funakoshi enseigna d&rsquo;abord au Meisojuku, une pension pour \u00e9tudiants dans un dojo de 40m2. Plus tard il partagea le dojo de Hakudo Naka-yama, un ma\u00eetre de Kendo.<\/p>\n<p><span style=\"font-family: 'Comic Sans MS'; font-size: small;\">En 1935, Sensei ouvrit son propre dojo (le\u00a0<\/span><span style=\"color: #ff0000; font-family: 'Comic Sans MS'; font-size: small;\">Shotokan<\/span><span style=\"font-family: 'Comic Sans MS'; font-size: small;\">) dans le quartier de Meijiro. En 1936, G.Funakoshi avait ouvert plus de trente dojos dans les universit\u00e9s et dans les entreprises. C&rsquo;est \u00e0 cette \u00e9poque que les katas furent r\u00e9vis\u00e9s dans la forme.<\/span><\/p>\n<p>C&rsquo;est vers 1930 que Funakoshi commencera \u00e0 utiliser l&rsquo;id\u00e9ogramme \u00ab\u00a0Kara\u00a0\u00bb signifiant vide, aux d\u00e9pends de celui, de prononciation identique \u00ab\u00a0To\u00a0\u00bb d\u00e9signant la Chine. La raison \u00e9vidente en \u00e9tait la mont\u00e9e du nationalisme au Japon, mais, pour se justifier, il invoquera un des enseignements du bouddhisme Zen : \u00ab\u00a0Shiki soku ze ku, Ku soku ze shiki\u00a0\u00bb que l&rsquo;on peut traduire par l&rsquo;apparent est acc\u00e8s au vide, le vide permet d&rsquo;acc\u00e9der \u00e0 d&rsquo;autres \u00e9tats (de la conscience). Il lui ajoutera le suffixe \u00ab\u00a0DO\u00a0\u00bb pour suivre la m\u00eame \u00e9volution que les autres Budo qui \u00e9taient pass\u00e9s du Jutsu au Do. Ainsi naquit le Karat\u00e9-do, \u00ab\u00a0la voie de la main vide\u00a0\u00bb, qui remplace le To-de, \u00ab\u00a0la main de chine\u00a0\u00bb.<\/p>\n<p>Dans le contexte du conflit sino-japonais, engag\u00e9 \u00e0 partir de 1936, Funakoshi dut se r\u00e9soudre \u00e9galement \u00e0 modifier en japonais de nombreux noms de kata d&rsquo;origine chinoise. C&rsquo;est ainsi que les Pinan devinrent Heian.<\/p>\n<p>Gichin Funakoshi a transmis seulement quinze katas \u00e0 ses \u00e9l\u00e8ves. Les autres katas furent enseign\u00e9s par d&rsquo;autres ma\u00eetres d&rsquo;Okinawa, amis du Sensei venus au Japon pour organiser des s\u00e9minaires.<\/p>\n<p>Avant de s&rsquo;\u00e9teindre en 1957 (le 26 avril pr\u00e9cis\u00e9ment \u00e0 l&rsquo;\u00e2ge de 86 ans), il forma de nombreux \u00e9l\u00e8ves, dont Ma\u00eetre Tsutomu OHSHIMA.<\/p>\n<p><a href=\"http:\/\/www.karate-budo-bergerac.fr\/wp-content\/uploads\/2014\/02\/funakoshi.jpg\"><img loading=\"lazy\" decoding=\"async\" class=\"alignnone size-full wp-image-99\" alt=\"funakoshi\" src=\"http:\/\/www.karate-budo-bergerac.fr\/wp-content\/uploads\/2014\/02\/funakoshi.jpg\" width=\"180\" height=\"234\" \/><\/a><\/p>\n<p>&nbsp;<br \/>\n<a href=\"http:\/\/www.karate-budo-bergerac.fr\/\"> Retour \u00e0 la page d&rsquo;accueil <\/a><\/p>\n<div style=\"padding-bottom:20px; padding-top:10px;\" class=\"hupso-share-buttons\"><!-- Hupso Share Buttons - https:\/\/www.hupso.com\/share\/ --><a class=\"hupso_toolbar\" href=\"https:\/\/www.hupso.com\/share\/\"><img decoding=\"async\" src=\"https:\/\/static.hupso.com\/share\/buttons\/lang\/fr\/share.png\" style=\"border:0px; padding-top: 5px; float:left;\" alt=\"Share Button\"\/><\/a><script type=\"text\/javascript\">var hupso_services_t=new Array();var hupso_background_t=\"#EAF4FF\";var hupso_border_t=\"#66CCFF\";var hupso_toolbar_size_t=\"big\";var hupso_image_folder_url = \"\";var hupso_url_t=\"\";var hupso_title_t=\"Histoire%20du%20Karat%C3%A9\";<\/script><script type=\"text\/javascript\" src=\"https:\/\/static.hupso.com\/share\/js\/share_toolbar.js\"><\/script><!-- Hupso Share Buttons --><\/div>","protected":false},"excerpt":{"rendered":"<p>Le karat\u00e9 peut \u00eatre d\u00e9crit aussi bien comme un art martial ou comme une m\u00e9thode de combat, utilisant un grande diversit\u00e9 de techniques: blocages, attaques, esquives, projections et cl\u00e9s. Le karat\u00e9 est un des plus dynamiques de tous les arts martiaux. Un karat\u00e9ka bien entra\u00een\u00e9 est capable de coordonner parfaitement son corps et son esprit, &hellip; <a href=\"https:\/\/www.karate-budo-bergerac.fr\/?page_id=59\" class=\"more-link\">Continuer la lecture de <span class=\"screen-reader-text\">Histoire du Karat\u00e9<\/span>  <span class=\"meta-nav\">&rarr;<\/span><\/a><\/p>\n<div style=\"padding-bottom:20px; padding-top:10px;\" class=\"hupso-share-buttons\"><!-- Hupso Share Buttons - https:\/\/www.hupso.com\/share\/ --><a class=\"hupso_toolbar\" href=\"https:\/\/www.hupso.com\/share\/\"><img src=\"https:\/\/static.hupso.com\/share\/buttons\/lang\/fr\/share.png\" style=\"border:0px; padding-top: 5px; float:left;\" alt=\"Share Button\"\/><\/a><script type=\"text\/javascript\">var hupso_services_t=new Array();var hupso_background_t=\"#EAF4FF\";var hupso_border_t=\"#66CCFF\";var hupso_toolbar_size_t=\"big\";var hupso_image_folder_url = \"\";var hupso_url_t=\"\";var hupso_title_t=\"Histoire%20du%20Karat%C3%A9\";<\/script><script type=\"text\/javascript\" src=\"https:\/\/static.hupso.com\/share\/js\/share_toolbar.js\"><\/script><!-- Hupso Share Buttons --><\/div>","protected":false},"author":1,"featured_media":0,"parent":0,"menu_order":0,"comment_status":"closed","ping_status":"open","template":"","meta":{"footnotes":""},"class_list":["post-59","page","type-page","status-publish","hentry"],"_links":{"self":[{"href":"https:\/\/www.karate-budo-bergerac.fr\/index.php?rest_route=\/wp\/v2\/pages\/59","targetHints":{"allow":["GET"]}}],"collection":[{"href":"https:\/\/www.karate-budo-bergerac.fr\/index.php?rest_route=\/wp\/v2\/pages"}],"about":[{"href":"https:\/\/www.karate-budo-bergerac.fr\/index.php?rest_route=\/wp\/v2\/types\/page"}],"author":[{"embeddable":true,"href":"https:\/\/www.karate-budo-bergerac.fr\/index.php?rest_route=\/wp\/v2\/users\/1"}],"replies":[{"embeddable":true,"href":"https:\/\/www.karate-budo-bergerac.fr\/index.php?rest_route=%2Fwp%2Fv2%2Fcomments&post=59"}],"version-history":[{"count":9,"href":"https:\/\/www.karate-budo-bergerac.fr\/index.php?rest_route=\/wp\/v2\/pages\/59\/revisions"}],"predecessor-version":[{"id":93,"href":"https:\/\/www.karate-budo-bergerac.fr\/index.php?rest_route=\/wp\/v2\/pages\/59\/revisions\/93"}],"wp:attachment":[{"href":"https:\/\/www.karate-budo-bergerac.fr\/index.php?rest_route=%2Fwp%2Fv2%2Fmedia&parent=59"}],"curies":[{"name":"wp","href":"https:\/\/api.w.org\/{rel}","templated":true}]}}

Histoire du Karaté

<p>Le karaté peut être décrit aussi bien comme un art martial ou comme une méthode de combat, utilisant un grande diversité de techniques: blocages, attaques, esquives, projections et clés.</p>
<p>Le karaté est un des plus dynamiques de tous les arts martiaux. Un karatéka bien entraîné est capable de coordonner parfaitement son corps et son esprit, ce qui lui permet de contrôler sa puissance physique à son gré. Cependant la force physique ne fait pas obligatoirement un bon karatéka.</p>
<p>Au contraire, c&rsquo;est plutôt sa capacité à maîtriser et coordonner son corps et son esprit qui assure un bon niveau. Les bénéfices du karaté sont nombreux dans la vie d&rsquo;un homme moderne. Au quotidien, nous avons tendance à oublier l&rsquo;utilité de l&rsquo;exercice physique et mental. La pratique du karaté fortifie le corps, développe la coordination, accélère les réflexes et augmente la vigueur. Le karaté est une activité pour laquelle l&rsquo;âge n&rsquo;est pas un obstacle.<br />
La pratique du karaté est divisé en trois aspects: le kihon (les éléments essentiels), le kata (la forme) et le kumite (entraînement/combat à deux).</p>
<p>Le mot « Karaté » est une association de deux représentations japonaises : « KARA » signifiant « vide » et « TE » signifiant « main » : karaté veut donc dire « la main vide ».</p>
<p><a href="http://www.karate-budo-bergerac.fr/wp-content/uploads/2014/02/kara.jpg"><img loading="lazy" decoding="async" class="alignnone size-full wp-image-92" title="kara" alt="kara" src="http://www.karate-budo-bergerac.fr/wp-content/uploads/2014/02/kara.jpg" width="115" height="116" /></a>                                                         <a href="http://www.karate-budo-bergerac.fr/wp-content/uploads/2014/02/te.jpg"><img loading="lazy" decoding="async" class="alignnone size-full wp-image-94" alt="te" src="http://www.karate-budo-bergerac.fr/wp-content/uploads/2014/02/te.jpg" width="103" height="115" /></a></p>
<p><span style="line-height: 1.5;">          KARA                                                                                     TE</span></p>
<p>En ajoutant le suffixe « do » (« la voie »), soit karaté-do, cela implique que le karaté est un style de vie qui va bien au-delà des seules applications de self-defense. Dans le karaté-do traditionnel tel que nous le pratiquons, nous devons toujours garder à l&rsquo;esprit que le véritable adversaire, c&rsquo;est soi-même.</p>
<p>Le fondateur du karaté Shotokan Gichin Funakoshi disait que l&rsquo;esprit et la technique ne font qu&rsquo;un dans le véritable karaté. Nous devons donc nous efforcer de faire de nos techniques physiques le reflet de notre esprit et d&rsquo;améliorer notre esprit par la compréhension de l&rsquo;essence des techniques physiques.</p>
<p>En améliorant notre entraînement , nous améliorons notre esprit et notre mentalité. Par exemple, éliminer les mouvements indécis et faibles dans notre karaté peut nous aider à éliminer les faiblesses et hésitations de notre esprit et inversement.</p>
<p>&nbsp;</p>
<p><strong>Maître Gichin Funakoshi</strong></p>
<p>Maître Gichin FUNAKOSHI est considéré comme le fondateur du karaté moderne.</p>
<p>Né à Shuri dans la préfecture d&rsquo;Okinawa en 1868, il s&rsquo;initia très tôt à la pratique du karaté-do. En effet, de constitution naturelle fragile voire maladive, c&rsquo;est dès l&rsquo;enfance que ses parents lui firent étudier le karate pour surmonter ses handicaps. A l&rsquo;école primaire, sa santé s&rsquo;améliore notablement et il décide de s&rsquo;investir dans l&rsquo;art pour atteindre une véritable maîtrise. Gichin Funakoshi, qui a alors quinze ans, est initié aux arts d&rsquo;Okinawa par son professeur d&rsquo;école qui n&rsquo;est autre que le fils du grand maître Asato. Plus tard, maître Asato l&rsquo;acceptera comme disciple et le formera selon l&rsquo;esprit traditionnel de la pratique. Gichin Funakoshi y apprendra l&rsquo;austérité de l&rsquo;enseignement, fait d&rsquo;interminables répétitions et le principe d&rsquo;apprentissage de « un kata tous les trois ans » est respecté. Mais sa grande richesse technique il la doit à maître Itosu.</p>
<p><span style="font-family: 'Comic Sans MS'; font-size: small;">Il eut donc la chance d&rsquo;être formé par les deux principaux successeurs de Sokon Matsumura.</span></p>
<p>A cette époque, le gouvernement avait proscrit la pratique du Karate et les entraînements devaient avoir lieu en secret.</p>
<p>Il était un homme cultivé et un poète de renom. Il suivait de très près le code moral de ses ancêtres et observait les interdictions d&rsquo;autrefois. Fidèle à ses principes, il considérait que le Samourai devait avoir une apparence impeccable.</p>
<p>Gichin Funakoshi apprenait parfois sous leur double tutelle les aspects spirituels et techniques du Karate.</p>
<p>En 1902 il fit une démonstration devant les responsables de la province de Kagoshima.</p>
<p>En 1912, le Shôbukai d&rsquo;Okinawa le choisit pour effectuer une démonstration à la marine Japonaise. Il fut remarqué par l&rsquo;amiral de la flotte impériale.</p>
<p>G.Funakoshi alla au Japon pour la première fois en 1917 pour faire une démonstration au Butokuden de Kyoto. Il y retourne cinq ans plus tard pour une deuxième démonstration devant le ministre de l&rsquo;Education Nationale Japonaise. Jigoro Kano le fondateur du Judo, l&rsquo;invite à Tokyo pour présenter son art au Kodokan.</p>
<p>Le succès fut immédiat et les demandes de cours affluaient. Sensei décide de rester dans cette ville pour enseigner l&rsquo;Okinawa-te. Il ne retourna jamais à Okinawa. A cette époque, en 1921 le maître Choku Motobu, également ancien élève de Itosu, enseignant déjà cet art au Japon.</p>
<p>Funakoshi enseigna d&rsquo;abord au Meisojuku, une pension pour étudiants dans un dojo de 40m2. Plus tard il partagea le dojo de Hakudo Naka-yama, un maître de Kendo.</p>
<p><span style="font-family: 'Comic Sans MS'; font-size: small;">En 1935, Sensei ouvrit son propre dojo (le </span><span style="color: #ff0000; font-family: 'Comic Sans MS'; font-size: small;">Shotokan</span><span style="font-family: 'Comic Sans MS'; font-size: small;">) dans le quartier de Meijiro. En 1936, G.Funakoshi avait ouvert plus de trente dojos dans les universités et dans les entreprises. C&rsquo;est à cette époque que les katas furent révisés dans la forme.</span></p>
<p>C&rsquo;est vers 1930 que Funakoshi commencera à utiliser l&rsquo;idéogramme « Kara » signifiant vide, aux dépends de celui, de prononciation identique « To » désignant la Chine. La raison évidente en était la montée du nationalisme au Japon, mais, pour se justifier, il invoquera un des enseignements du bouddhisme Zen : « Shiki soku ze ku, Ku soku ze shiki » que l&rsquo;on peut traduire par l&rsquo;apparent est accès au vide, le vide permet d&rsquo;accéder à d&rsquo;autres états (de la conscience). Il lui ajoutera le suffixe « DO » pour suivre la même évolution que les autres Budo qui étaient passés du Jutsu au Do. Ainsi naquit le Karaté-do, « la voie de la main vide », qui remplace le To-de, « la main de chine ».</p>
<p>Dans le contexte du conflit sino-japonais, engagé à partir de 1936, Funakoshi dut se résoudre également à modifier en japonais de nombreux noms de kata d&rsquo;origine chinoise. C&rsquo;est ainsi que les Pinan devinrent Heian.</p>
<p>Gichin Funakoshi a transmis seulement quinze katas à ses élèves. Les autres katas furent enseignés par d&rsquo;autres maîtres d&rsquo;Okinawa, amis du Sensei venus au Japon pour organiser des séminaires.</p>
<p>Avant de s&rsquo;éteindre en 1957 (le 26 avril précisément à l&rsquo;âge de 86 ans), il forma de nombreux élèves, dont Maître Tsutomu OHSHIMA.</p>
<p><a href="http://www.karate-budo-bergerac.fr/wp-content/uploads/2014/02/funakoshi.jpg"><img loading="lazy" decoding="async" class="alignnone size-full wp-image-99" alt="funakoshi" src="http://www.karate-budo-bergerac.fr/wp-content/uploads/2014/02/funakoshi.jpg" width="180" height="234" /></a></p>
<p>&nbsp;<br />
<a href="http://www.karate-budo-bergerac.fr/"> Retour à la page d&rsquo;accueil </a></p>
<div style="padding-bottom:20px; padding-top:10px;" class="hupso-share-buttons"><!-- Hupso Share Buttons - https://www.hupso.com/share/ --><a class="hupso_toolbar" href="https://www.hupso.com/share/"><img decoding="async" src="https://static.hupso.com/share/buttons/lang/fr/share.png" style="border:0px; padding-top: 5px; float:left;" alt="Share Button"/></a><script type="text/javascript">var hupso_services_t=new Array();var hupso_background_t="#EAF4FF";var hupso_border_t="#66CCFF";var hupso_toolbar_size_t="big";var hupso_image_folder_url = "";var hupso_url_t="";var hupso_title_t="Histoire%20du%20Karat%C3%A9";</script><script type="text/javascript" src="https://static.hupso.com/share/js/share_toolbar.js"></script><!-- Hupso Share Buttons --></div>

<p>Le karaté peut être décrit aussi bien comme un art martial ou comme une méthode de combat, utilisant un grande diversité de techniques: blocages, attaques, esquives, projections et clés. Le karaté est un des plus dynamiques de tous les arts martiaux. Un karatéka bien entraîné est capable de coordonner parfaitement son corps et son esprit, &hellip; <a href="https://www.karate-budo-bergerac.fr/?page_id=59" class="more-link">Continuer la lecture de <span class="screen-reader-text">Histoire du Karaté</span>  <span class="meta-nav">&rarr;</span></a></p>
<div style="padding-bottom:20px; padding-top:10px;" class="hupso-share-buttons"><!-- Hupso Share Buttons - https://www.hupso.com/share/ --><a class="hupso_toolbar" href="https://www.hupso.com/share/"><img src="https://static.hupso.com/share/buttons/lang/fr/share.png" style="border:0px; padding-top: 5px; float:left;" alt="Share Button"/></a><script type="text/javascript">var hupso_services_t=new Array();var hupso_background_t="#EAF4FF";var hupso_border_t="#66CCFF";var hupso_toolbar_size_t="big";var hupso_image_folder_url = "";var hupso_url_t="";var hupso_title_t="Histoire%20du%20Karat%C3%A9";</script><script type="text/javascript" src="https://static.hupso.com/share/js/share_toolbar.js"></script><!-- Hupso Share Buttons --></div>
