{"id":7,"date":"2014-02-04T14:37:40","date_gmt":"2014-02-04T13:37:40","guid":{"rendered":"http:\/\/www.karate-budo-bergerac.fr\/?page_id=7"},"modified":"2025-04-27T08:16:58","modified_gmt":"2025-04-27T06:16:58","slug":"presentation","status":"publish","type":"page","link":"https:\/\/www.karate-budo-bergerac.fr\/?page_id=7","title":{"rendered":"Pr\u00e9sentation"},"content":{"rendered":"<p>L&rsquo;association ASPB section Karat\u00e9 a \u00e9t\u00e9 cr\u00e9\u00e9 le 01\/03\/1994.<\/p>\n<p>Nous faisons partie de la <a href=\"http:\/\/www.ffkarate.fr\/\"> F\u00e9d\u00e9ration Fran\u00e7aise de Karat\u00e9 et \u00a0Disciplines Associ\u00e9es (FFKDA) <\/a>.<\/p>\n<p>Les membres du bureau actuel sont :<\/p>\n<ul>\n<li>Pr\u00e9sident : Mr Christian LESPINASSE, ldt puydorat<\/li>\n<li>24140 CAMPSEGRET &#8211; 06 81 44 55 68<\/li>\n<li>Tr\u00e9sorier : Mr Eric LARGE rouzade est 24100 BERGERAC<\/li>\n<li>Secr\u00e9taire : Mme Agn\u00e8s GRELAT 24100 BERGERAC<\/li>\n<\/ul>\n<p>Les entraineurs sont :<\/p>\n<ul>\n<li>Mr William TEULET 6\u00e8me Dan (C.Q.P), T\u00e9l : 06.14.67.46.38<\/li>\n<li>Mr Luc CIRON 5\u00e8me Dan (BEES 1)<\/li>\n<li>Mr Gilles LABAYE 3\u00e8me Dan (D.A.F),<\/li>\n<li>Mr Christian LESPINASSE 4\u00e8me Dan (D.I.F) 06 81 44 55 68<\/li>\n<li>Mr Philippe DURRIEUX 5\u00e8me Dan\u00a0 (D.I.F)<\/li>\n<li>Mr William AUCHIER 4\u00e8me Dan (D.I.F)<\/li>\n<li>Mme Isabelle VINCENT 4\u00e8me Dan (DIF)\u00a0<\/li>\n<\/ul>\n<p><a href=\"http:\/\/www.karate-budo-bergerac.fr\/\"> Retour \u00e0 la page d&rsquo;accueil <\/a><\/p>\n\n\n<p><\/p>\n<div style=\"padding-bottom:20px; padding-top:10px;\" class=\"hupso-share-buttons\"><!-- Hupso Share Buttons - https:\/\/www.hupso.com\/share\/ --><a class=\"hupso_toolbar\" href=\"https:\/\/www.hupso.com\/share\/\"><img decoding=\"async\" src=\"https:\/\/static.hupso.com\/share\/buttons\/lang\/fr\/share.png\" style=\"border:0px; padding-top: 5px; float:left;\" alt=\"Share Button\"\/><\/a><script type=\"text\/javascript\">var hupso_services_t=new Array();var hupso_background_t=\"#EAF4FF\";var hupso_border_t=\"#66CCFF\";var hupso_toolbar_size_t=\"big\";var hupso_image_folder_url = \"\";var hupso_url_t=\"\";var hupso_title_t=\"Pr%C3%A9sentation\";<\/script><script type=\"text\/javascript\" src=\"https:\/\/static.hupso.com\/share\/js\/share_toolbar.js\"><\/script><!-- Hupso Share Buttons --><\/div>","protected":false},"excerpt":{"rendered":"<p>L&rsquo;association ASPB section Karat\u00e9 a \u00e9t\u00e9 cr\u00e9\u00e9 le 01\/03\/1994. Nous faisons partie de la F\u00e9d\u00e9ration Fran\u00e7aise de Karat\u00e9 et \u00a0Disciplines Associ\u00e9es (FFKDA) . Les membres du bureau actuel sont : Pr\u00e9sident : Mr Christian LESPINASSE, ldt puydorat 24140 CAMPSEGRET &#8211; 06 81 44 55 68 Tr\u00e9sorier : Mr Eric LARGE rouzade est 24100 BERGERAC Secr\u00e9taire &hellip; <a href=\"https:\/\/www.karate-budo-bergerac.fr\/?page_id=7\" class=\"more-link\">Continuer la lecture de <span class=\"screen-reader-text\">Pr\u00e9sentation<\/span>  <span class=\"meta-nav\">&rarr;<\/span><\/a><\/p>\n<div style=\"padding-bottom:20px; padding-top:10px;\" class=\"hupso-share-buttons\"><!-- Hupso Share Buttons - https:\/\/www.hupso.com\/share\/ --><a class=\"hupso_toolbar\" href=\"https:\/\/www.hupso.com\/share\/\"><img src=\"https:\/\/static.hupso.com\/share\/buttons\/lang\/fr\/share.png\" style=\"border:0px; padding-top: 5px; float:left;\" alt=\"Share Button\"\/><\/a><script type=\"text\/javascript\">var hupso_services_t=new Array();var hupso_background_t=\"#EAF4FF\";var hupso_border_t=\"#66CCFF\";var hupso_toolbar_size_t=\"big\";var hupso_image_folder_url = \"\";var hupso_url_t=\"\";var hupso_title_t=\"Pr%C3%A9sentation\";<\/script><script type=\"text\/javascript\" src=\"https:\/\/static.hupso.com\/share\/js\/share_toolbar.js\"><\/script><!-- Hupso Share Buttons --><\/div>","protected":false},"author":1,"featured_media":0,"parent":0,"menu_order":0,"comment_status":"closed","ping_status":"open","template":"","meta":{"footnotes":""},"class_list":["post-7","page","type-page","status-publish","hentry"],"_links":{"self":[{"href":"https:\/\/www.karate-budo-bergerac.fr\/index.php?rest_route=\/wp\/v2\/pages\/7","targetHints":{"allow":["GET"]}}],"collection":[{"href":"https:\/\/www.karate-budo-bergerac.fr\/index.php?rest_route=\/wp\/v2\/pages"}],"about":[{"href":"https:\/\/www.karate-budo-bergerac.fr\/index.php?rest_route=\/wp\/v2\/types\/page"}],"author":[{"embeddable":true,"href":"https:\/\/www.karate-budo-bergerac.fr\/index.php?rest_route=\/wp\/v2\/users\/1"}],"replies":[{"embeddable":true,"href":"https:\/\/www.karate-budo-bergerac.fr\/index.php?rest_route=%2Fwp%2Fv2%2Fcomments&post=7"}],"version-history":[{"count":29,"href":"https:\/\/www.karate-budo-bergerac.fr\/index.php?rest_route=\/wp\/v2\/pages\/7\/revisions"}],"predecessor-version":[{"id":428,"href":"https:\/\/www.karate-budo-bergerac.fr\/index.php?rest_route=\/wp\/v2\/pages\/7\/revisions\/428"}],"wp:attachment":[{"href":"https:\/\/www.karate-budo-bergerac.fr\/index.php?rest_route=%2Fwp%2Fv2%2Fmedia&parent=7"}],"curies":[{"name":"wp","href":"https:\/\/api.w.org\/{rel}","templated":true}]}}

Présentation

<p>L&rsquo;association ASPB section Karaté a été créé le 01/03/1994.</p>
<p>Nous faisons partie de la <a href="http://www.ffkarate.fr/"> Fédération Française de Karaté et  Disciplines Associées (FFKDA) </a>.</p>
<p>Les membres du bureau actuel sont :</p>
<ul>
<li>Président : Mr Christian LESPINASSE, ldt puydorat</li>
<li>24140 CAMPSEGRET &#8211; 06 81 44 55 68</li>
<li>Trésorier : Mr Eric LARGE rouzade est 24100 BERGERAC</li>
<li>Secrétaire : Mme Agnès GRELAT 24100 BERGERAC</li>
</ul>
<p>Les entraineurs sont :</p>
<ul>
<li>Mr William TEULET 6ème Dan (C.Q.P), Tél : 06.14.67.46.38</li>
<li>Mr Luc CIRON 5ème Dan (BEES 1)</li>
<li>Mr Gilles LABAYE 3ème Dan (D.A.F),</li>
<li>Mr Christian LESPINASSE 4ème Dan (D.I.F) 06 81 44 55 68</li>
<li>Mr Philippe DURRIEUX 5ème Dan  (D.I.F)</li>
<li>Mr William AUCHIER 4ème Dan (D.I.F)</li>
<li>Mme Isabelle VINCENT 4ème Dan (DIF) </li>
</ul>
<p><a href="http://www.karate-budo-bergerac.fr/"> Retour à la page d&rsquo;accueil </a></p>


<p></p>
<div style="padding-bottom:20px; padding-top:10px;" class="hupso-share-buttons"><!-- Hupso Share Buttons - https://www.hupso.com/share/ --><a class="hupso_toolbar" href="https://www.hupso.com/share/"><img decoding="async" src="https://static.hupso.com/share/buttons/lang/fr/share.png" style="border:0px; padding-top: 5px; float:left;" alt="Share Button"/></a><script type="text/javascript">var hupso_services_t=new Array();var hupso_background_t="#EAF4FF";var hupso_border_t="#66CCFF";var hupso_toolbar_size_t="big";var hupso_image_folder_url = "";var hupso_url_t="";var hupso_title_t="Pr%C3%A9sentation";</script><script type="text/javascript" src="https://static.hupso.com/share/js/share_toolbar.js"></script><!-- Hupso Share Buttons --></div>

<p>L&rsquo;association ASPB section Karaté a été créé le 01/03/1994. Nous faisons partie de la Fédération Française de Karaté et  Disciplines Associées (FFKDA) . Les membres du bureau actuel sont : Président : Mr Christian LESPINASSE, ldt puydorat 24140 CAMPSEGRET &#8211; 06 81 44 55 68 Trésorier : Mr Eric LARGE rouzade est 24100 BERGERAC Secrétaire &hellip; <a href="https://www.karate-budo-bergerac.fr/?page_id=7" class="more-link">Continuer la lecture de <span class="screen-reader-text">Présentation</span>  <span class="meta-nav">&rarr;</span></a></p>
<div style="padding-bottom:20px; padding-top:10px;" class="hupso-share-buttons"><!-- Hupso Share Buttons - https://www.hupso.com/share/ --><a class="hupso_toolbar" href="https://www.hupso.com/share/"><img src="https://static.hupso.com/share/buttons/lang/fr/share.png" style="border:0px; padding-top: 5px; float:left;" alt="Share Button"/></a><script type="text/javascript">var hupso_services_t=new Array();var hupso_background_t="#EAF4FF";var hupso_border_t="#66CCFF";var hupso_toolbar_size_t="big";var hupso_image_folder_url = "";var hupso_url_t="";var hupso_title_t="Pr%C3%A9sentation";</script><script type="text/javascript" src="https://static.hupso.com/share/js/share_toolbar.js"></script><!-- Hupso Share Buttons --></div>
