{"id":9,"date":"2014-02-04T14:39:14","date_gmt":"2014-02-04T13:39:14","guid":{"rendered":"http:\/\/www.karate-budo-bergerac.fr\/?page_id=9"},"modified":"2025-10-08T09:12:29","modified_gmt":"2025-10-08T07:12:29","slug":"sinscrire","status":"publish","type":"page","link":"https:\/\/www.karate-budo-bergerac.fr\/?page_id=9","title":{"rendered":"S&rsquo;inscrire"},"content":{"rendered":"<p>Pour les<strong> majeurs<\/strong> : le certificat m\u00e9dical n&rsquo;est plus n\u00e9cessaire.<\/p>\n<p>Pour les <strong>mineurs<\/strong> : pas de certificat m\u00e9dical, seul un questionnaire de sant\u00e9 vous sera remis. Vous le conserverez et vous nous remettrez uniquement une attestation sur l&rsquo;honneur concernant la sant\u00e9 de votre enfant.<\/p>\n<p>Un <strong>Karat\u00e9-gi<\/strong> (Kimono de Karat\u00e9).<\/p>\n<p><strong>Une ceinture blanche de karat\u00e9<\/strong> si d\u00e9butant (ceinture avec un liser\u00e9 rouge).<\/p>\n<p>U<strong>ne paire de claquettes<\/strong> pour aller des vestiaires aux tatamis et inversement.<\/p>\n<p>Pour les enfants une <strong>autorisation parentale<\/strong> est obligatoire. (\u00e0 remplir sur la fiche d&rsquo;inscription qui vous sera remise)<\/p>\n<p><a href=\"http:\/\/www.karate-budo-bergerac.fr\/\"> Retour \u00e0 la page d&rsquo;accueil <\/a><\/p>\n\n\n<p><\/p>\n<div style=\"padding-bottom:20px; padding-top:10px;\" class=\"hupso-share-buttons\"><!-- Hupso Share Buttons - https:\/\/www.hupso.com\/share\/ --><a class=\"hupso_toolbar\" href=\"https:\/\/www.hupso.com\/share\/\"><img decoding=\"async\" src=\"https:\/\/static.hupso.com\/share\/buttons\/lang\/fr\/share.png\" style=\"border:0px; padding-top: 5px; float:left;\" alt=\"Share Button\"\/><\/a><script type=\"text\/javascript\">var hupso_services_t=new Array();var hupso_background_t=\"#EAF4FF\";var hupso_border_t=\"#66CCFF\";var hupso_toolbar_size_t=\"big\";var hupso_image_folder_url = \"\";var hupso_url_t=\"\";var hupso_title_t=\"S%27inscrire\";<\/script><script type=\"text\/javascript\" src=\"https:\/\/static.hupso.com\/share\/js\/share_toolbar.js\"><\/script><!-- Hupso Share Buttons --><\/div>","protected":false},"excerpt":{"rendered":"<p>Pour les majeurs : le certificat m\u00e9dical n&rsquo;est plus n\u00e9cessaire. Pour les mineurs : pas de certificat m\u00e9dical, seul un questionnaire de sant\u00e9 vous sera remis. Vous le conserverez et vous nous remettrez uniquement une attestation sur l&rsquo;honneur concernant la sant\u00e9 de votre enfant. Un Karat\u00e9-gi (Kimono de Karat\u00e9). Une ceinture blanche de karat\u00e9 si &hellip; <a href=\"https:\/\/www.karate-budo-bergerac.fr\/?page_id=9\" class=\"more-link\">Continuer la lecture de <span class=\"screen-reader-text\">S&rsquo;inscrire<\/span>  <span class=\"meta-nav\">&rarr;<\/span><\/a><\/p>\n<div style=\"padding-bottom:20px; padding-top:10px;\" class=\"hupso-share-buttons\"><!-- Hupso Share Buttons - https:\/\/www.hupso.com\/share\/ --><a class=\"hupso_toolbar\" href=\"https:\/\/www.hupso.com\/share\/\"><img src=\"https:\/\/static.hupso.com\/share\/buttons\/lang\/fr\/share.png\" style=\"border:0px; padding-top: 5px; float:left;\" alt=\"Share Button\"\/><\/a><script type=\"text\/javascript\">var hupso_services_t=new Array();var hupso_background_t=\"#EAF4FF\";var hupso_border_t=\"#66CCFF\";var hupso_toolbar_size_t=\"big\";var hupso_image_folder_url = \"\";var hupso_url_t=\"\";var hupso_title_t=\"S%27inscrire\";<\/script><script type=\"text\/javascript\" src=\"https:\/\/static.hupso.com\/share\/js\/share_toolbar.js\"><\/script><!-- Hupso Share Buttons --><\/div>","protected":false},"author":1,"featured_media":0,"parent":0,"menu_order":0,"comment_status":"closed","ping_status":"open","template":"","meta":{"footnotes":""},"class_list":["post-9","page","type-page","status-publish","hentry"],"_links":{"self":[{"href":"https:\/\/www.karate-budo-bergerac.fr\/index.php?rest_route=\/wp\/v2\/pages\/9","targetHints":{"allow":["GET"]}}],"collection":[{"href":"https:\/\/www.karate-budo-bergerac.fr\/index.php?rest_route=\/wp\/v2\/pages"}],"about":[{"href":"https:\/\/www.karate-budo-bergerac.fr\/index.php?rest_route=\/wp\/v2\/types\/page"}],"author":[{"embeddable":true,"href":"https:\/\/www.karate-budo-bergerac.fr\/index.php?rest_route=\/wp\/v2\/users\/1"}],"replies":[{"embeddable":true,"href":"https:\/\/www.karate-budo-bergerac.fr\/index.php?rest_route=%2Fwp%2Fv2%2Fcomments&post=9"}],"version-history":[{"count":8,"href":"https:\/\/www.karate-budo-bergerac.fr\/index.php?rest_route=\/wp\/v2\/pages\/9\/revisions"}],"predecessor-version":[{"id":446,"href":"https:\/\/www.karate-budo-bergerac.fr\/index.php?rest_route=\/wp\/v2\/pages\/9\/revisions\/446"}],"wp:attachment":[{"href":"https:\/\/www.karate-budo-bergerac.fr\/index.php?rest_route=%2Fwp%2Fv2%2Fmedia&parent=9"}],"curies":[{"name":"wp","href":"https:\/\/api.w.org\/{rel}","templated":true}]}}

<p>Pour les<strong> majeurs</strong> : le certificat médical n&rsquo;est plus nécessaire.</p>
<p>Pour les <strong>mineurs</strong> : pas de certificat médical, seul un questionnaire de santé vous sera remis. Vous le conserverez et vous nous remettrez uniquement une attestation sur l&rsquo;honneur concernant la santé de votre enfant.</p>
<p>Un <strong>Karaté-gi</strong> (Kimono de Karaté).</p>
<p><strong>Une ceinture blanche de karaté</strong> si débutant (ceinture avec un liseré rouge).</p>
<p>U<strong>ne paire de claquettes</strong> pour aller des vestiaires aux tatamis et inversement.</p>
<p>Pour les enfants une <strong>autorisation parentale</strong> est obligatoire. (à remplir sur la fiche d&rsquo;inscription qui vous sera remise)</p>
<p><a href="http://www.karate-budo-bergerac.fr/"> Retour à la page d&rsquo;accueil </a></p>


<p></p>
<div style="padding-bottom:20px; padding-top:10px;" class="hupso-share-buttons"><!-- Hupso Share Buttons - https://www.hupso.com/share/ --><a class="hupso_toolbar" href="https://www.hupso.com/share/"><img decoding="async" src="https://static.hupso.com/share/buttons/lang/fr/share.png" style="border:0px; padding-top: 5px; float:left;" alt="Share Button"/></a><script type="text/javascript">var hupso_services_t=new Array();var hupso_background_t="#EAF4FF";var hupso_border_t="#66CCFF";var hupso_toolbar_size_t="big";var hupso_image_folder_url = "";var hupso_url_t="";var hupso_title_t="S%27inscrire";</script><script type="text/javascript" src="https://static.hupso.com/share/js/share_toolbar.js"></script><!-- Hupso Share Buttons --></div>

<p>Pour les majeurs : le certificat médical n&rsquo;est plus nécessaire. Pour les mineurs : pas de certificat médical, seul un questionnaire de santé vous sera remis. Vous le conserverez et vous nous remettrez uniquement une attestation sur l&rsquo;honneur concernant la santé de votre enfant. Un Karaté-gi (Kimono de Karaté). Une ceinture blanche de karaté si &hellip; <a href="https://www.karate-budo-bergerac.fr/?page_id=9" class="more-link">Continuer la lecture de <span class="screen-reader-text">S&rsquo;inscrire</span>  <span class="meta-nav">&rarr;</span></a></p>
<div style="padding-bottom:20px; padding-top:10px;" class="hupso-share-buttons"><!-- Hupso Share Buttons - https://www.hupso.com/share/ --><a class="hupso_toolbar" href="https://www.hupso.com/share/"><img src="https://static.hupso.com/share/buttons/lang/fr/share.png" style="border:0px; padding-top: 5px; float:left;" alt="Share Button"/></a><script type="text/javascript">var hupso_services_t=new Array();var hupso_background_t="#EAF4FF";var hupso_border_t="#66CCFF";var hupso_toolbar_size_t="big";var hupso_image_folder_url = "";var hupso_url_t="";var hupso_title_t="S%27inscrire";</script><script type="text/javascript" src="https://static.hupso.com/share/js/share_toolbar.js"></script><!-- Hupso Share Buttons --></div>
